ppose 0 = -2*t + 8 - l. Suppose 598 = t*d + 4*s, -3*s + 0*s + 1460 = 5*d. Is d a prime number?
False
Suppose 1312 + 1427 = b - 2*a, -8224 = -3*b - a. Is b composite?
False
Let f(w) = -59*w**3 - 4*w**2 + 3*w + 1. Let k be f(3). Let g = -1078 - k. Is g a prime number?
True
Is (195/20)/((-3)/(-5788)) a composite number?
True
Suppose 0*d + 16*d - 160112 = 0. Is d composite?
False
Suppose 3*x + 208 = -5*s, -3*s - s + 244 = -3*x. Let h = x + 107. Let g = 74 - h. Is g a composite number?
False
Let w(q) = 80*q**3 - 3*q**2 + 2*q - 1. Is w(2) composite?
False
Let j(s) = 277*s**3 - 5*s**2 - 16*s + 51. Is j(4) prime?
False
Suppose 0 = -9*j - 0*j + 3861. Suppose r = 3*c - 263, 5*c + 2*r + r - j = 0. Is c prime?
False
Suppose 178 + 896 = j. Let k = -157 + j. Is k composite?
True
Let s(a) = -4*a + 20. Let y be s(7). Is y/(-12) + 35455/21 composite?
True
Let t = 22 - 28. Is t + (-15)/(-5) + 694 prime?
True
Let k be ((-20)/(-6))/(6/(-18))*1. Let s(p) = -p**3 + 6*p**2 + 5*p + 11. Is s(k) composite?
True
Let b(o) = 2*o**3 + 4*o**3 - 2*o**3 + 6*o**2 - 1 - 4*o. Is b(9) a prime number?
False
Let t be 9/24 + 29/8. Suppose 4*p - 5*o - 97 = 295, -16 = t*o. Is p prime?
False
Let d(b) = b**3 - 9*b**2 + 9*b - 4. Let k be d(8). Suppose -4*z + v = -6239, -5*v - 5139 = -k*z + 1112. Is z a composite number?
False
Suppose -15*y + 4719 + 7236 = 0. Is y a composite number?
False
Suppose -2*b + 40 = 2*b. Let q = b + -7. Suppose q*u - 5*n - 32 = 0, -5*n + 21 + 23 = u. Is u composite?
False
Suppose 0 = -19*o + 10*o - 72. Is (o - -9)*4190/2 a prime number?
False
Let s be (6/15)/(2/(-10)). Let h(r) = -27*r**3 - r**2 + r + 1. Is h(s) composite?
False
Let o(n) = -n**2 - 17*n - 1. Let r(c) = 2*c**2 + 34*c + 2. Let t(v) = -11*o(v) - 6*r(v). Suppose -h - 2*y + 16 = -2*h, 2*y + 32 = -3*h. Is t(h) a prime number?
True
Let f(p) be the third derivative of -p**4/24 + 11*p**3/6 - p**2. Let k be f(5). Suppose 0 = -k*l + 3*l + 345. Is l a composite number?
True
Let j = 36276 + -18809. Is j a prime number?
True
Suppose 7*v - 5*x = 2*v, -x - 4 = 3*v. Let b = 0 - -1. Is 300 + b/v*1 a prime number?
False
Suppose b - 20 = -11. Suppose g - 1 - b = 0. Is g composite?
True
Let b(w) = 11*w**2 + 25*w + 172. Is b(-13) composite?
True
Let v(z) = z**3 - 11*z**2 + 11*z + 7. Let t be v(9). Let l = -52 - -151. Let c = l + t. Is c composite?
False
Suppose -11276 = 7*u - 11*u. Is u composite?
False
Suppose 5*x - 13*x = -580904. Is x composite?
False
Let g(q) be the third derivative of q**6/360 - q**5/24 - 5*q**4/24 + q**3/6 - q**2. Let n(p) be the first derivative of g(p). Is n(8) a composite number?
False
Let o be 6/33 - 180/22. Let f(l) = -l**3 - 8*l**2 + 3. Let i be f(o). Is 1/i - (-87)/9 a composite number?
True
Suppose 0 = -23*i + 17*i + 30102. Is i composite?
True
Suppose -12*w - 22*w + 4046 = 0. Is w a composite number?
True
Suppose 0 = -6*f - 25 + 7. Is (-3 + (185 - f))*(-3)/(-5) prime?
False
Let f = -1155 + 2125. Let c = f + -548. Is c a composite number?
True
Let q(u) = 40*u**2 - u - 2. Let k be q(-1). Suppose 5*x - k = 16. Suppose -3*z + 290 = -2*h, -3*h - x = 5*z - 469. Is z a composite number?
True
Let u be (1/(-3))/((-6)/(-36))*-10. Let p = u - -51. Is p prime?
True
Let b = 75 - 106. Let j = 242 + b. Is j a composite number?
False
Is (2 - 35/15)*(-122763 + -18) prime?
True
Let m = -430 + 242. Let j = 27 - m. Is j a prime number?
False
Let r(h) = 18*h**2 - 151*h + 13. Is r(-28) a prime number?
True
Let i = 18 + 53. Let z = 14 + i. Is z a prime number?
False
Suppose 2*a - 64 + 2 = 0. Suppose 4*s - 120 = -3*f, -2*s = f - 93 + a. Is s a composite number?
True
Suppose -5*a - 23*u = -24*u - 7, 0 = 3*a + 2*u - 12. Let n = 118 - 58. Suppose 0*z + 3*z - n = j, -6 = -a*j. Is z a prime number?
False
Let k(y) = y**2 + y. Let p be k(-2). Suppose 13 = -u + p*u - 2*c, -14 = -3*u + c. Suppose u*j = 1333 - 76. Is j a composite number?
False
Let t(y) = -y**3 - 6*y**2 - 2. Let w be t(-6). Is 541/(1/(w - -3)) a composite number?
False
Let p be 4/2 + 1162/1. Suppose 4*j + 4*w - p = 1212, -4*w = 8. Suppose n = 5*n - j. Is n composite?
False
Suppose 0 = 32*r - 49649 - 239. Is r a composite number?
False
Suppose -5*u + 7*u = 3*f + 7607, -4*u + 15202 = -2*f. Is u a prime number?
False
Let o be 0/(-6) - (-6 + 3/3). Suppose -3*r + b + 967 = 0, o - 1 = 2*b. Is r a composite number?
True
Let u = 8670 - 3619. Is u prime?
True
Let u = 11 + 1. Let b(r) = -r**2 - 3*r - 7. Let l(i) = 2*i**2 + 6*i + 13. Let j(a) = -9*b(a) - 4*l(a). Is j(u) a composite number?
False
Let q(h) = 869*h**2 + 15*h - 123. Is q(8) a composite number?
True
Is (-119230)/15*48/(-32) a composite number?
False
Let p be 1704/56 + (-6)/14. Let n = p - 34. Is n/(-10) - (-12830)/50 a prime number?
True
Let o(u) = -u**3 + 24*u**2 + 22. Is o(23) prime?
False
Suppose -3*x - 9 = 0, -4*f = -0*f - 2*x - 2718. Let r = 1373 - f. Is r composite?
True
Suppose 4*v + 6 = -3*h, -4*h = v - 4*v - 17. Let c(l) = l**3 + 5*l**2 - 7*l - 1. Let y be c(-6). Suppose -r + h*a = -2*a - 93, -y*r + 419 = 3*a. Is r prime?
False
Let w(n) = -67*n**3 - 3*n**2 + 4*n + 2. Let h be w(-3). Suppose s + s = -m + 886, 4*s + 4*m - h = 0. Is s prime?
True
Let y be ((-3)/(-2))/((-3)/(-8)). Suppose 4*r - r + 1460 = 5*z, -4*z + y*r + 1160 = 0. Is z a prime number?
False
Let k be 1 - (2 - -6 - 4). Let i = 50 - k. Is i a prime number?
True
Let z(y) = 2*y**2 - 7*y + 7. Let f be z(3). Is ((-40)/(-32))/5 - (-811)/f a prime number?
False
Suppose -k - 4 = 3*m, m - 10 = k + 6*m. Let y be 12/k*(1 - 156). Let r = -77 - y. Is r a composite number?
True
Let i(v) = 27*v**2 + 4*v + 8. Let f be i(-6). Is -1*1 + 16 + f prime?
True
Let u(g) = 5*g**3 + 3*g + 13. Let w be u(-4). Let y = w - -1278. Is y composite?
True
Is (3*(-12)/(-54))/(-2)*-11463 prime?
True
Let c = 3220 + -2039. Suppose -5*p - 156 = -c. Is p composite?
True
Suppose 6*j = -0*j. Is j + 382 + 1 + -4 prime?
True
Let t be (9 + 0)/(-3) - 4. Let b(o) = -16*o + 15. Is b(t) composite?
False
Suppose -5*r = -2*r - 15. Suppose -r*a + 4651 = 4*x - 4842, 4*a = -5*x + 7589. Is a composite?
False
Let a(u) = -2*u**3 + 7*u + 6. Suppose -61 = -3*r + 173. Let p be 2/(-7) - r/21. Is a(p) prime?
False
Let h = 590 + -501. Is h a prime number?
True
Let f(a) = -7*a - 9. Let n(x) = -x**3 + 6*x**2 - 3*x - 4. Let j be n(4). Let k be (j/6)/(4/(-12)). Is f(k) composite?
False
Let m(x) = 9*x**2 - 2*x - 9. Suppose 7 = 5*r - 28. Let q be m(r). Let k = q - 161. Is k prime?
True
Let g = -7083 + 11148. Suppose -2*b + 810 = -b - l, -2*l = -5*b + g. Is b a prime number?
False
Let c(j) = 3*j + 631. Is c(0) a composite number?
False
Let l(q) be the first derivative of 5*q**3/3 - q**2/2 + q - 19. Is l(-4) composite?
True
Let v(j) = -2511*j - 20. Is v(-3) composite?
True
Let x be 14 - (7/3 + 3/(-9)). Is (0 - (-141)/4)/(x/32) prime?
False
Let f = 26 - 20. Suppose 2*b + 649 = 3*k + f*b, 207 = k - b. Suppose 0*u - k = -u. Is u a prime number?
True
Suppose 14 = 5*s + 4. Suppose o - 3*w = -6*w + 583, 4*o - s*w = 2304. Suppose 187 + o = 4*q. Is q a composite number?
False
Let c be (128/112)/((-2)/(-7)). Suppose 5*q - 4*u - 1515 = -0*u, 0 = 2*q + c*u - 634. Is q a prime number?
True
Let y = -909 + 4286. Is y prime?
False
Is ((-42887)/5)/(116/(-580)) composite?
True
Suppose u = 5*l - 3538 + 879, 2*u = -4*l + 2130. Is l/6*(-12)/(-8) composite?
True
Let s(t) = 2864*t**2 - 4*t - 1. Is s(6) a prime number?
True
Suppose 5*k = 4*z + 6*k - 60291, 2*k = -3*z + 45217. Is z prime?
True
Let q be 7/(21/(-1178)) - 4/(-6). Let m = 669 + q. Is m a composite number?
False
Let r be 8/(-20) + 1315/(-25). Let x = 30 - r. Is x prime?
True
Suppose -3*w = -w - 3*l - 11546, 11542 = 2*w - 4*l. Is w a prime number?
True
Let j(n) = n + 34. Let s be j(0). Suppose -o - 85 = -3*t, -5*o - 83 = -4*t + s. Is (t/(-6))/(10/(-75)) a prime number?
False
Let v(k) = 11*k**2 + 3*k + 297. Is v(-20) prime?
True
Let f(v) = -142*v + 9. Let r be f(-3). Suppose 2697 = 6*s + r. Is s a prime number?
False
Let v(a) = -2*a**2 + 11*a - 22. Let u be v(-9). Let d = u - -533. Suppose 3*f - d = 95. Is f a composite number?
True
Let c = 32 + -62. Let o be ((-98)/(-2))/(2 - 1). Let s = c + o. Is s composite?
False
Let u be 3 - (-38)/2 - -2. Suppose 0*c = -2*c - 2*a + u, -5*c + 4*a = -42. Let h = c + -3. Is h composite?
False
Let r(j) = 2*j + 84. Let f(g) =